Let z be f(-7). Let o be ((-85)/119)/(z/(-7)). Suppose -u - o = -190. What is the units digit of u?
5
Let q = 182 + -48. Let l = 214 - q. Suppose 3*o + l - 359 = 0. What is the units digit of o?
3
Let n = 48503 + -33647. What is the hundreds digit of n?
8
Let z = 2347 - 1338. Suppose 1690 = 5*i + 5*l, 5*i = 2*i - 4*l + z. What is the hundreds digit of i?
3
Suppose -5363 = -16*l + 18877. What is the thousands digit of l?
1
Suppose 3*m + 201 = 4*t, -2*m + 134 = -4*m - t. Let r = -63 - m. Suppose -87 = -r*c + 165. What is the units digit of c?
3
Let a = 132 - 94. Suppose 92 = l - 4*k - a, 0 = -2*l + 5*k + 272. Suppose 5*v = -l + 606. What is the units digit of v?
2
Suppose -44*i = -48*i + 222548. What is the hundreds digit of i/207 + 5/(90/4)?
2
What is the hundreds digit of (10 - 11/1)*-9797?
7
Let h = -15 + 65. Let n = 53 - h. Suppose 0 = -p - n*p - 20, 0 = -3*o + 2*p + 202. What is the units digit of o?
4
What is the thousands digit of 65*-1*(3316002/(-7590) - (-12)/11)?
8
Let i = -448 + 472. Suppose -i*o + 36*o - 13932 = 0. What is the units digit of o?
1
Suppose -55 = -9*s - 19. Suppose 3*p - 269 - 622 = -3*g, -5*g = s*p - 1186. Let c = p + -153. What is the hundreds digit of c?
1
Suppose 2*d + 158040 = 3*f, 9 + 39 = 8*d. What is the ten thousands digit of f?
5
Let c(l) = 8*l**2 - 13*l + 46. Let q be 2 + (6 - 3) + -1. What is the tens digit of c(q)?
2
Let h(v) = v - 25. Suppose -5*l + l = -80. Let c be h(l). Let k(i) = i**3 + 9*i**2 + 2*i - 3. What is the tens digit of k(c)?
8
Let y(s) = 4*s**2 - 59*s + 190. What is the tens digit of y(39)?
7
Let c = -308 + 349. What is the tens digit of c?
4
Let f(o) = -29*o - 50. Let n(r) = 2. Let v(t) = f(t) - 5*n(t). What is the tens digit of v(-14)?
4
Suppose 0 = -4*o - 2*g - 318, 26*o - 28*o - 2*g = 156. What is the units digit of (-30726)/o - (0 - -2)/6?
9
Let z = -246 + 3936. Suppose 284*b - 290*b + z = 0. What is the units digit of b?
5
Let r(a) be the first derivative of a**4/4 + 12*a**3 + 13*a**2/2 - 2*a + 160. What is the hundreds digit of r(-35)?
7
Suppose -7*u + 5*u = 3*b - 17, -4*b = 4*u - 28. Let a be (b/4)/(3/(-12)). Let g(s) = -s**3 + 6*s - 4. What is the units digit of g(a)?
5
Let n = -141 - -142. Let i be 6/(-9) + 57/(-9) + n. What is the units digit of (162/i)/(3/(-9))?
1
Suppose 3*c + 2*a = 18 + 43, 5*a = c - 43. What is the hundreds digit of (370/(-8))/(((-23)/4)/c)?
1
Suppose 2*s + 14*g + 20 = 19*g, -2*g + 24 = -4*s. What is the units digit of ((-4)/s)/(-2) + 37970/50?
9
Let u be -88*(2 + 0 + -1). Suppose w - 599 = -5*n, -4*n + 9*w = 12*w - 488. Let m = n + u. What is the tens digit of m?
3
Let k(c) = -c**3 - 14*c**2 - 13*c + 3. Suppose a = -3*z + 7*z - 20, a - 8 = -3*z. Suppose z*g - 8 = 0, -g - 2*g = -2*o - 32. What is the units digit of k(o)?
3
Suppose 0*k - 2*u + 201 = -k, 1032 = -5*k + u. Let p = 522 + k. What is the units digit of p?
5
Let p(n) = -3*n + 4. Let g be p(5). Let u = g + 8. What is the units digit of -8*u/144 - 797/(-6)?
3
Let v(t) = 7*t + 30. Let o be v(0). Suppose 1670 = -o*d + 7940. What is the hundreds digit of d?
2
Let r(a) = 7*a**2 - 23*a - 1280. What is the tens digit of r(-35)?
0
Suppose -7*k - 103 = -3*k + b, -2*k + 5*b = 79. Let f be 15/(-2)*(-6)/k*3. What is the tens digit of (-2 - f - 2) + 144?
4
Suppose 0 = 25*f - 399725 - 696925. What is the tens digit of f?
6
Let q = -4380 + 6331. What is the thousands digit of q?
1
Let r = 3887 + -2421. What is the thousands digit of r?
1
Suppose -24*m + 33889 = -19199. Suppose 495*o + m = 502*o. What is the tens digit of o?
1
Let j be (10 - 10)*(-1)/2. Suppose j = -5*f, f = 3*m - f - 330. What is the hundreds digit of m?
1
Suppose 16*r + 2166082 = 53*r + 52*r. What is the units digit of r?
8
Suppose -3*r = 12*i - 8*i - 2176, -5*i = -3*r + 2221. Let b = r - 727. What is the units digit of b?
5
Suppose 4*n = -z + 160236, n + 1132*z - 40080 = 1137*z. What is the thousands digit of n?
0
Let l(n) = n**2 + n + 94. Let r be l(0). Let q = -4 + 7. Suppose 5*m + q*b + 2*b = 595, -m + r = -4*b. What is the tens digit of m?
1
Let h(t) = 2*t**2 + 38*t - 626. What is the hundreds digit of h(-71)?
7
Let k = -15 - -11. Let l be (2/k*(1 - 1))/1. Suppose -o - 376 = -4*g - l*o, 3*o - 487 = -5*g. What is the units digit of g?
5
Let m = -195 + 201. Suppose -25 = -3*x + u, -12 = 3*u - 0. Suppose 48 = x*h - m*h. What is the units digit of h?
8
Suppose -2*c = 467 - 2735. Suppose -546 = -8*o + c. What is the units digit of o?
0
Suppose -d + 160980 = 11*h - 5*h, -5*d + 134125 = 5*h. What is the thousands digit of h?
6
Let k = -188 + 190. Suppose 4*a = o + 3749, -k*o + 7*o = 15. What is the hundreds digit of a?
9
Let f(s) = -51*s**3 - 5*s**2 - 329*s - 3278. What is the units digit of f(-10)?
2
Suppose -j - 6 = -11. Suppose -2*n + 46 + 166 = -x, -j*n = -3*x - 529. Suppose 3*a - n = -m, 2*m + 6 - 4 = 0. What is the units digit of a?
6
Let z(a) be the first derivative of -5*a**3/3 + 2*a**2 - 4*a - 18. Let h be z(-5). Let u = h - -216. What is the units digit of u?
7
Suppose -9*l = -11*l + 11226 + 3568. What is the units digit of l?
7
Let o be (-1 + 0)*(1 - -8). Let b(q) = 9 - 10*q + 19*q - 22*q. What is the tens digit of b(o)?
2
Suppose 2*m + 61 = -n, 57 = -0*n - n + 2*m. Let o = 363 + -280. Let g = o + n. What is the tens digit of g?
2
Suppose -96*r + 20 = -91*r. Suppose -t - r*h + 1057 = 0, t - 1251 = 4*h - 154. What is the hundreds digit of t?
0
Suppose 31*l = 32*l - 4. Suppose -2*c + 706 = l*s, 5*c + s - 1721 = 2*s. What is the hundreds digit of c?
3
Let w(v) = -107*v - 1023. What is the units digit of w(-15)?
2
Suppose q - 4 = 3*x - q, 3*x = -3*q + 21. What is the tens digit of (-20839)/(-117) - x/18?
7
Suppose 3*l - 7*v + 14 = -3*v, -3*v + 21 = 3*l. Suppose -5*k = -l*g + 463, g - 239 = 2*k - k. What is the hundreds digit of g?
2
What is the hundreds digit of (-4)/(-56)*-6 + (-2 - (-1213710)/35)?
6
Suppose 0 = 6*h - 19180 - 22754. What is the units digit of h?
9
Suppose -7*u - 24*u + 310 = 0. Suppose -22*t = u*t - 14432. What is the hundreds digit of t?
4
Suppose 0 = -59*t + 43*t + 15632. What is the units digit of t?
7
Suppose -2*d + 722 = 5*k, -3*d = k - 1461 + 365. Suppose 2*g - 4*q = d, 3*g - 7 = -q + 521. What is the tens digit of g?
7
Suppose 4*c + 3188 = 2*b, 3*b - 4793 = -6*c + c. Suppose 3*d = -d + 4*s + b, d - 389 = -s. What is the hundreds digit of d?
3
Let k = 889 - 202. Let j = -487 + k. Suppose 0 = 4*t - 2*t - j. What is the tens digit of t?
0
Suppose -156*r + 159*r = -2*a + 60536, -2*a + 80710 = 4*r. What is the hundreds digit of r?
1
Let g = -326 + 328. Suppose -g*w + 6*w = 3764. What is the units digit of w?
1
Suppose -9 = -5*i + k + 6, -2*i - 7 = -3*k. Suppose 15*t - 16*t = i. What is the tens digit of 2 + -1 + t + 151?
4
Let u(x) = x**3 + 10*x**2 + 2. Let l be u(-10). Suppose -l*b - 63 = -357. Suppose n + 3*c = 74, -2*n + 2*c + b = 7*c. What is the units digit of n?
1
Suppose 2*v = -5*z + 9973, -4*z = 4*v - 614 - 7374. What is the hundreds digit of z?
9
Suppose 15*l = 24*l. Suppose -x - 35 - 28 = l. Let b = 212 + x. What is the units digit of b?
9
What is the hundreds digit of (94/(-470))/(2/(-57370))?
7
Suppose 130111 = 54*s - 237305. What is the tens digit of s?
0
Let o = 12 + -10. Let x(v) = 162*v**2 - v + 6. Let s be x(o). Suppose -4*m + 5*y = -s, 2*y - 326 = -2*m - y. What is the tens digit of m?
6
Suppose 5*v + 3382 + 732 = 3*y, 2*y + 3*v - 2730 = 0. Suppose y = 10*s - 2472. What is the units digit of s?
4
Suppose 29*w - 6912 = -1518. Let o = 957 + w. What is the tens digit of o?
4
Let m = -54 - -106. Suppose -f + 2*f = 3*l + 4, -l = 3*f - m. Suppose 18*r - f*r - 448 = 0. What is the tens digit of r?
2
What is the hundreds digit of 59078/7 + 220/(-308)?
4
Let q(c) = c**3 + 16*c**2 - c + 2. Suppose 39 = -s + 33. What is the hundreds digit of q(s)?
3
Suppose g = 3*g - 5*l + 19, -4*g + l + 7 = 0. Let a be g/(-27)*3 + 464/6. Suppose 0 = -2*q + 5*u + 110, -5*q + 240 + a = -2*u. What is the units digit of q?
5
Let y = 580 + -542. What is the thousands digit of 4 + y/(-9) + (-52975)/(-45)?
1
Let s(i) = 20*i**2 - 98*i + 1921. What is the thousands digit of s(30)?
6
Suppose -4*w + 3*w = -4*t + 52, w - t + 37 = 0. What is the thousands digit of 289*3*18*w/(-432)?
1
Suppose 0 = -5*l + 3*b + 138184, -140*l + 27676 = -139*l 